Let y = -2 + 6. Let h(j) = j**2 - j + 3. What is h(y)?
15
Let k be (6/(-4))/(3/6). Let p be (90/24)/(k/(-16)). Suppose 3*n = -2*h + 6*h - 15, -4*n - p = -5*h. Let w(j) = j**3 + 6*j**2 + 5*j + 6. Give w(n).
6
Let h(y) be the first derivative of 0*y**4 + 0*y + 1/3*y**3 + 1 + 1/40*y**5 + 0*y**2. Let x(f) be the third derivative of h(f). What is x(1)?
3
Let y(r) be the second derivative of -r**4/12 + r**3/2 + 3*r. Let b = -5 - -9. Let k be (-45)/(-12) + 1/b. Give y(k).
-4
Suppose -5 = 6*v - 2*v - 3*d, -d = -5*v + 2. Let q(i) = -181*i**3 + 2*i + 182*i**3 - 3*i**2 - 1 + 2*i**2. What is q(v)?
1
Let n(o) = o + o + 3*o**2 - 4*o - 2. Suppose -5*a = -4*y - 0*y - 41, 20 = -5*y. Let d = -3 + a. What is n(d)?
6
Let o(q) = q**2 - q - 1. Let l = -16 - -20. Let t(p) be the first derivative of p**2/2 - 5*p + 1. Let i be t(l). Give o(i).
1
Let h(b) be the first derivative of 4 + 5*b - 1/3*b**3 + 2*b**2. Determine h(4).
5
Let a be -2*((-2)/(-4) + 2). Let g(y) = -y**3 - 4*y**2 + 6*y - 3. Calculate g(a).
-8
Let m be (-2)/(-7) - (-40)/7. Let n(i) = -7*i**2 - 2*i - 7. Let b(j) = 2*j**2 + 4*j + j**2 + 7*j**2 + 3*j**2 + 13. Let q(u) = m*b(u) + 11*n(u). Calculate q(-1).
0
Suppose 2*c - 2*v = -8 - 2, -2*c + 4*v = 16. Let f = c + 2. Let m(i) = -3*i + 0*i + 2*i. Determine m(f).
0
Let m(o) = -o**2 - 5*o + 10. Let z be m(-6). Let y(d) = 3*d**2 + 5*d + 1. Let p(q) = -q**2 - 1. Let x(a) = 4*p(a) + y(a). Determine x(z).
1
Let h = -9 + 6. Let n(f) = -f. What is n(h)?
3
Let a(c) be the first derivative of -c**4/4 - 5*c**3/3 - 3*c**2 - c - 7. Determine a(-4).
7
Let t(i) be the first derivative of -i**4/24 + 5*i**3/6 + i**2/2 - 1. Let g(y) be the second derivative of t(y). Let o be 6/(-6)*(0 + 0). Determine g(o).
5
Let a(h) = -h**3 - 9*h**2 + h + 12. Let j be a(-9). Let k(l) = 2 - 2*l + 3*l - 2*l - j*l. Calculate k(2).
-6
Let m = -2 - -5. Let u be -1 + 12 + (-6 - -3). Let k(f) = -2 - 2*f + m*f + u. Determine k(-6).
0
Let t(h) = h**3 + 5*h**2 - 7*h - 1. Suppose x + 5*x = -36. Give t(x).
5
Let n(m) be the second derivative of 1/24*m**4 + 0 + 0*m**2 - 1/60*m**5 + 1/3*m**3 - m. Let a(i) be the second derivative of n(i). Determine a(4).
-7
Let n(o) = -o - 9. Let c be n(-5). Suppose -5*y + 57 = -13. Let w(k) = k**2 + 8*k + 10*k + 6 - y*k. Give w(c).
6
Let v(z) = 3*z. Let m(g) = 3*g - 1. Let w(q) = -2*m(q) + 3*v(q). Suppose -3 = -3*f + 4*j, 2 = 3*f - 2*f - j. Calculate w(f).
17
Let p(d) = d + 60 - 32 - 29. Calculate p(5).
4
Let y(q) be the third derivative of 6*q**2 - 1/2*q**3 + 0*q + 0 - 1/12*q**4. Calculate y(-2).
1
Let t(j) = -1 + 3 + 1 - j - 4. Calculate t(5).
-6
Let c(z) = -3*z**3 - 6*z**2 - 6*z + 7. Let m(d) = -d**3 - d + 1. Let q(b) = -c(b) + 4*m(b). Give q(6).
9
Suppose 0 = -7*i + 20*i + 91. Let x(v) = -v - 10. Determine x(i).
-3
Let z(a) be the third derivative of -a**6/120 + a**5/12 + a**4/24 + a**3/2 + 2*a**2. Give z(5).
8
Let j(s) = s**3 - 14*s**2 + 10. Let o be j(14). Let k(c) = -c + 9. Calculate k(o).
-1
Let f(q) = q**3 + 4*q**2 + 4*q + 3. Let o be f(-3). Suppose o = 3*w - 0*w + 9. Let d(z) = 5 + 0*z + z - 2. Give d(w).
0
Suppose 5*m - c + 5*c + 5 = 0, 4*m + 4 = -5*c. Let l(d) = -8*d**2 - d - 1. What is l(m)?
-8
Let q(k) be the first derivative of -k**5/60 - 5*k**4/24 - 3*k**2/2 + 1. Let t(b) be the second derivative of q(b). Give t(-4).
4
Let t = 5 + 0. Suppose -4*g + t*v = -g + 40, -3*v = -15. Let a(d) = 2*d - 5. Let s(q) = q - 2. Let w(y) = -2*a(y) + 5*s(y). What is w(g)?
-5
Suppose -r - 3*p - 18 = r, -5*r = 3*p + 36. Let l(i) = -7*i - 4. Let k(n) = n. Let a(f) = 2*k(f) + l(f). Let o(d) = d. Let b(g) = r*o(g) - a(g). Calculate b(0).
4
Let z(f) = -3*f + 3. Suppose 6 = -2*i - 0*i. What is z(i)?
12
Let y be 5*-1*6/(-15). Let b(s) = 4*s**y - 5 + s - 5*s**2 + 4. Calculate b(2).
-3
Let s(a) be the first derivative of -a**3/3 + 2*a**2 + 11. Suppose m + 4*m - 25 = 0. Calculate s(m).
-5
Let x(d) = -4*d**2 + d - 1. Let i be x(1). Let c(k) = k**3 + 5*k**2 + 4*k + 1. Calculate c(i).
1
Let c(q) = -q**3 + 6*q**2 + q + 1. Let y = -2 + 8. Calculate c(y).
7
Let n(v) be the second derivative of -v**4/12 + v**3 - 36*v. Calculate n(3).
9
Let o(u) = -5*u**2 + 8*u**2 - u**2 - 8 - 3*u**2 + 8*u. Calculate o(7).
-1
Let u(v) = 3*v - 8. Let k be u(4). Let o(d) = -d**3 + 5*d**2 - 4*d - 5. Calculate o(k).
-5
Let u(l) be the third derivative of -7*l**4/24 + l**3/3 - 9*l**2. Give u(2).
-12
Let k(b) = -b - 7. Suppose 0 = 3*m - 4*m - 10. Let a be k(m). Let y(f) = 2*f - 1. What is y(a)?
5
Let o(v) = -8 + 1 + 4 - 1 + 2*v. Determine o(5).
6
Suppose 5 = 2*b - 5. Let u(i) = 2*i**2 + 2*i**2 - 2*i - b*i**2 + 3. Let o = 4 - 7. Calculate u(o).
0
Let q(x) = -7*x**3 + 18*x**2 - 3*x + 2. Let n(z) = -3*z**3 + 8*z**2 - 2*z + 1. Let i(t) = 5*n(t) - 2*q(t). Suppose 4*u = w - 15, 2*u - 1 = 3*w - 16. Give i(w).
-2
Let s(t) = -t + 4 - 3 - 5. Let d(f) = 31*f**2 - 2*f + 1. Let z be d(1). Let p be 146/z + 6/45. Determine s(p).
-9
Suppose -6 = -4*i + i. Let v(c) = -2 - 8*c + 4 - i. Calculate v(1).
-8
Let x(h) = 1. Let u(l) = 2*l**3 + 2*l**2 - 3*l + 1. Let p(m) = -u(m) + 4*x(m). Determine p(-2).
5
Let s(l) = l**2 - 13*l - 19. Let m be s(14). Let u(x) = -x**2 - x + 7. What is u(m)?
-13
Let h(d) = -5*d**2 - 41*d + 21. Let a(k) = k**2 + 8*k - 4. Let m(v) = 11*a(v) + 2*h(v). What is m(-7)?
5
Suppose 10 = a - 4*a + 4*m, -2*a + 24 = 5*m. Let k = a + -1. Let s(h) = -8*h + 5. Let v(g) = 25*g - 14. Let u(b) = -11*s(b) - 4*v(b). Determine u(k).
-11
Let h(d) = d - 6. Let r be (1 + 2)*(1 + 2). What is h(r)?
3
Let z(w) = w + 1. Let p(y) = -1. Let x(v) = p(v) - z(v). Determine x(5).
-7
Let z = 7 - 5. Let x(m) = 6 - 7 - m + z*m + 11*m**2. What is x(1)?
11
Let o(h) = -h**2 + 4*h + 6. Suppose -p = -c - 3, 2*c - 3*p + 2 = -2*p. Let m = c + 4. Determine o(m).
1
Let f(d) = 22 - d**2 + 21 - 45. Suppose 3*c - 12 = -c. Determine f(c).
-11
Let b(a) = -a**2 + 9*a - 1. Let j(h) = h**2 - 8*h + 1. Let k(n) = -3*b(n) - 4*j(n). Let v(g) = -g + 4. Let s be v(4). Let i = s - -2. Give k(i).
5
Let f(x) be the second derivative of x**5/20 - 7*x**4/12 + x**3 - 2*x**2 - 24*x. Suppose 0 = 8*z - 5*z - 18. What is f(z)?
-4
Let j(k) = 2*k**2 + 5*k + 2. Suppose 102*t - 4 = 103*t. Give j(t).
14
Suppose 5*k + 5*q = 20, -k + 4*q = 2*k + 2. Suppose 27 = -5*h - k*u, -1 - 4 = 5*u. Let x(a) = a**2 + 3*a - 1. What is x(h)?
9
Let x(c) = -3*c - 3. Let q be x(-2). Suppose 7*f - q*f = 72. Let k be f/5 - (-4)/10. Let h(l) = -3*l + 1. What is h(k)?
-11
Let d(v) = 6*v. Let c be d(0). Let q(p) = -p**3 + p**2 + p + 4. Calculate q(c).
4
Let a(h) = -h - 1. Let o(c) = -4*c - 3. Let p(l) = -22*a(l) + 6*o(l). Determine p(-4).
12
Suppose 0*s + 72 = 5*s + p, s = 4*p + 6. Let q be s/(-35)*-1*5. Suppose q*y + 11 = 5. Let t(b) = b + 4. Give t(y).
1
Let x(k) = -4 + 3 + k**2 + 6*k**2 + k. Let j be (-2)/(-2)*(-2)/1. Let i be (-6)/(-18)*(-6)/j. Give x(i).
7
Let q(t) = t + 2*t**3 + 2*t - 2*t. Let p be 6/(-21) - (-36)/28. What is q(p)?
3
Let k(o) = 2*o**2 + 4*o. Suppose 0 = -5*w + 35 + 10. Let x be (w/6)/(3/4). Suppose -z - 5 = -x. Calculate k(z).
6
Let l(t) = 2*t - 1. Let o be l(3). Let s(v) = -v**3 + 6*v**2 - 5*v + 6. Give s(o).
6
Let b(d) = -4*d + 12. Let m(p) = -5*p + 13. Let r(z) = 7*b(z) - 6*m(z). Give r(-6).
-6
Let h(j) = -4*j + j + 1 + 2*j. Let n be ((-3 - 0) + 9)*-1. Give h(n).
7
Let j(d) = -d**3 - 2*d**2 + d + 2. Let w = -7 - -4. Determine j(w).
8
Let t(i) = 3 - 16*i**3 + i**2 + 15*i**3 + 4*i**2 + i. Let m(v) = -v**3 + 7*v**2 + v - 2. Let o be m(7). Calculate t(o).
8
Let j(h) = 5*h - 3. Suppose -x + 2*x - 4 = -v, -5*x = -5*v + 10. What is j(v)?
12
Suppose -5 = -5*t + 4*t. Let d(a) = -a**2 + 6*a + 2. Determine d(t).
7
Let m(j) be the third derivative of 0 + 5/6*j**3 + 3*j**2 + 1/60*j**5 + 0*j + 7/24*j**4. Calculate m(-4).
-7
Let x(p) = -2 + p - 1 + 0*p - 2*p. Let j be x(-3). Let d(t) be the second derivative of t**4/12 - t**3/6 + t**2 - t. What is d(j)?
2
Let d(y) = 5*y**3 + 23*y**2 + 34 + 4*y**3 - 7 + 2*y**3. Let s(u) = 5*u**3 + 11*u**2 + 13. Let j(f) = 6*d(f) - 13*s(f). Give j(5).
-7
Suppose -5*g + z = -4*z - 5, -4*z + 4 = 0. Let f(o) = -2*o**g + 3*o**2 + 0*o + o. Suppose 0 = -4*j + 2*d - 0 + 8, 5*j = -4*d - 3. What is f(j)?
2
Suppose 3*k + 10 = -2. Let b(m) = -m**3 - 4*m**2 + 6*m + 6. Let w be b(-5). Let o(u) = -7*u + 2. Let z(x) = x - 1. Let q(l) = w*o(l) + 6*z(l). Calculate q(k).
0
